d by 4/u + 102/14.
5
Suppose -15*y - 224 = -11*y. Suppose -c - 3 + 1 = 2*z, -z + 17 = 5*c. Calculate the remainder when y/z + 3/9 is divided by 7.
5
Let p(g) = 12*g + 8. Let v be p(6). Let n = 46 + -94. Let z = n + v. Calculate the remainder when z is divided by 11.
10
Suppose 6*w - 5*w - 13 = 0. What is the remainder when 50 is divided by w?
11
Suppose -4*o = 3*u - 226, -2*o - 3*u + 114 = -u. Calculate the remainder when o is divided by 8.
7
Suppose m + 0 = 17. What is the remainder when 48 is divided by m?
14
Let s = 42 + -22. Let m = s + -12. Let j(o) = -o**3 + 9*o**2 - 7*o - 3. Calculate the remainder when m is divided by j(8).
3
Let d = 7 + -4. Suppose 4*h - 4*n = -2 - 10, -h + 3*n = -d. Calculate the remainder when 40/(-3)*h/4 is divided by 7.
6
Suppose 0 = -l - 2*l - 4*r + 113, 4*l - 160 = -3*r. Suppose -v + 15 + 0 = 0. Calculate the remainder when l is divided by v.
13
Suppose 3*q - 228 = 114. What is the remainder when q is divided by 39?
36
Suppose 2*f = -f + 105. Suppose 7*a - 4*a - 15 = 0. Suppose 4*q - 3*c = 27, 10 = -2*q - a*c + 43. What is the remainder when f is divided by q?
8
What is the remainder when 2 is divided by 2 + ((-1)/2)/((-5)/(-10))?
0
Suppose 2*f - 28 = r, 0*f + 5*r = 5*f - 60. Let a = 27 - f. What is the remainder when (0/(-2) - -2)*10 is divided by a?
9
Suppose 2*x - 10 = 5*s - 3, -2*x + 2 = 0. Let b(m) = -17*m**3 + m**2 + 3*m + 1. What is the remainder when 62 is divided by b(s)?
14
Let s(t) = -4*t**2 - 4 + 2 - 3*t + 12*t**2. Let i be s(-3). Suppose -31 = 3*f - i. Calculate the remainder when 30 is divided by f.
14
Suppose 0*m = -3*m + 66. Calculate the remainder when 63 is divided by m.
19
Suppose a - 5*y + 14 = 4*a, 0 = 2*a + 4*y - 6. Suppose -2*r + 40 = 4*f - 0*f, 5*f = 5*r + 20. Calculate the remainder when a is divided by f.
5
Suppose -4 = -i - 1. Let z = 7 + i. Let w(s) = -s**2 - 8*s - 6. Calculate the remainder when z is divided by w(-6).
4
Suppose 2*k + 4*x - 136 = 0, -2*x = 2*k - 0*x - 128. Suppose -5*f + k = -0*f. Let w = 29 - 6. Calculate the remainder when w is divided by f.
11
Let u = 64 - 39. Suppose -10*f + 5*f + 365 = 0. What is the remainder when f is divided by u?
23
Let d = 34 - 5. Calculate the remainder when d is divided by 16.
13
Suppose 0 = 2*a - t - 9, -23 = -5*a - 2*t + 5*t. Calculate the remainder when 9 is divided by a.
1
Suppose 4*d - 60 + 8 = 0. Let a = 7 + 1. Calculate the remainder when d is divided by a.
5
Suppose -23*m + 335 = -18*m. Calculate the remainder when m is divided by 18.
13
Let x = 16 - 13. Let s = 4 - 0. Calculate the remainder when s is divided by x.
1
Suppose 3*x = 26 + 13. What is the remainder when 22 + -1*(0 + -3) is divided by x?
12
Let g(p) = -p**3 - p**2 - 16. Let h be g(0). What is the remainder when h*(-1 - (0 - -1)) is divided by 17?
15
Let l be 4/3*(-27)/(-2). Suppose 0 = -5*u + 67 + l. Let z = u - 6. Calculate the remainder when z is divided by 6.
5
Let a(m) = 2*m**2 + 2*m - 13. What is the remainder when 50 is divided by a(-5)?
23
Suppose -2 - 34 = -4*u. What is the remainder when 23 is divided by u?
5
Calculate the remainder when (-3 - -17) + (5 - 6) is divided by 5.
3
Suppose 0 = -3*c - z + 4*z + 81, -3*c - z + 85 = 0. What is the remainder when c is divided by 6?
4
Suppose 2*g = -3*g. Let z be (-1 - -2 - g)*2. Calculate the remainder when z/6*3 - -52 is divided by 18.
17
Let g(x) = x + 2. Let i be g(-10). Calculate the remainder when ((-61)/2)/(4/i) is divided by 3*((-1 - -1) + 7).
19
Let r be (-15)/(-6)*8/5. Suppose 0*l = r*l - 8. Calculate the remainder when 5 is divided by l.
1
What is the remainder when (5/(-4) - 48/(-64))*-78 is divided by 10?
9
Calculate the remainder when 41 is divided by ((-37)/(-4) + -1)*36/27.
8
Suppose -2*s + 4*q = -11 - 13, 2*q = -4*s + 38. What is the remainder when 14 is divided by s?
4
Suppose -5*k + 0*k + 5 = 0. What is the remainder when 3 is divided by k?
0
Let s = 41 + -15. Let k be -1 + (-2 - -3 - -1). What is the remainder when s is divided by 2/2*6 + k?
5
Suppose 10*o = 13*o - 9. What is the remainder when o is divided by 3?
0
Suppose 2*q = -3*q. Suppose 2*z - 58 = -54. Let j = z + q. What is the remainder when j is divided by 1?
0
Suppose -x - 16 = -32. What is the remainder when 26 is divided by x?
10
Suppose k + 2*j + 56 = 4*k, 4*k - 52 = -3*j. Calculate the remainder when 47 is divided by k.
15
Suppose 4*g + 209 = 3*y, -3*g - g = 20. Calculate the remainder when y is divided by 16.
15
Suppose 5 + 50 = 5*a. Let j(u) = u - 6. Let v be j(5). What is the remainder when a is divided by v + 8 + 1 + -1?
4
Calculate the remainder when 105 is divided by (-462)/(-18) + 12/9.
24
Suppose 0 = -3*r + 15, 4 = -k + 4*r - 31. What is the remainder when -5*(48/k)/2 is divided by 5?
3
Let v = 159 + -104. Let w be (4 - -30) + (-2 - 1). Suppose 44 = f + f + 2*o, f + 4*o - w = 0. Calculate the remainder when v is divided by f.
17
Let f = -31 + 82. What is the remainder when f is divided by 9?
6
Suppose 4*g + 20 = g + 2*y, 2*y + 4 = 0. Let x(w) = -3*w - 11. Calculate the remainder when x(g) is divided by 7.
6
Let j(l) = 2*l**2 - 8. Calculate the remainder when j(5) is divided by 11.
9
Let v(t) = 10*t**3 - 5*t**2 + t + 4. What is the remainder when v(2) is divided by 15?
6
Suppose 0 = -5*i - 4*t + 300, 29 - 273 = -4*i - 4*t. What is the remainder when 111 is divided by i?
55
What is the remainder when 8 is divided by ((-6)/(-18))/((-2)/(-24))?
0
Suppose -12 + 14 = w. What is the remainder when 2 is divided by w?
0
Let u = -75 + 197. Suppose f - 3*f + u = 0. Calculate the remainder when f is divided by 21.
19
Let k(h) = h**3 - 10*h**2 + 4*h**2 - h - 1 - 6*h + 4. Calculate the remainder when 4 is divided by k(7).
1
Let p = 0 - -5. Let z = p + -3. What is the remainder when z is divided by 1?
0
Let y(f) be the third derivative of -f**4/8 - 4*f**3/3 + 2*f**2. What is the remainder when y(-8) is divided by 9?
7
Let b = -154 + 162. What is the remainder when 44 is divided by b?
4
Suppose 2*o + 5*g = 3*o - 50, 3*o - 190 = 5*g. Let p = 34 + -16. Calculate the remainder when o is divided by p.
16
Suppose 4*a + 4*l - 12 - 4 = 0, l = -5*a + 28. Suppose -f - 101 = -a*f + 4*b, -5*f - 4*b = -69. What is the remainder when f is divided by 4?
1
Suppose 3*b = -9, -4*l + 5*b - 3 = -54. Calculate the remainder when l is divided by 4.
1
Let u = -4 + 8. Suppose 0 = -3*a, -w - a = w - 22. What is the remainder when w is divided by u?
3
Suppose -r + 3*x = -6, 3*x = -2*x + 10. Let u = -25 + 46. What is the remainder when u is divided by r?
9
Suppose s + 0*s = 19. Let j(z) = 81*z + 9. Let a(u) = 20*u + 2. Let r(d) = 9*a(d) - 2*j(d). Calculate the remainder when r(2) is divided by s.
17
Let w(a) = 13*a**3 - 2*a**2 + a. Calculate the remainder when 21 is divided by w(1).
9
Suppose -3*v + 6 = -3. Calculate the remainder when (1 - -4) + 0/(-2) is divided by v.
2
Let g(u) = 3*u**2 + 3*u - 4. Calculate the remainder when 127 is divided by g(3).
31
Suppose 132 = 5*x - 48. Suppose -5*u = -u - 420. What is the remainder when u is divided by x?
33
Let r be -22*(3 - (-28)/(-8)). Suppose 3*p + 37 = 3*s - r, 0 = -5*s + 2*p + 89. Calculate the remainder when 56 is divided by s.
18
Suppose h + 2*z = z + 6, 5*h - 23 = 2*z. Let i = -7 + 11. What is the remainder when h is divided by i?
1
Let u(j) = 3*j**2 + 12*j + 3. What is the remainder when u(-5) is divided by 5?
3
Let v = 112 - 79. What is the remainder when 98 is divided by v?
32
Suppose -57*p = -405 + 6. Suppose -12 = -4*g - 0. Calculate the remainder when p is divided by g.
1
Let b(d) = d - 4. Let o be b(0). Let w(v) = -10*v + 2 + v + 0 - 6*v. Calculate the remainder when w(o) is divided by 16.
14
Suppose 243 = 4*y + 3*r, 5*r - 65 = -0*y - y. Suppose 0 = -5*s - 0*s + 4*b + 42, 5*s + 5*b = y. Calculate the remainder when 28 is divided by s.
8
Suppose 5*l = -3*d + 50, 0 = -2*d - 2*d - 2*l + 62. Suppose -5 = 4*t - 9*t. Calculate the remainder when d is divided by t + 11 + 5 + -8.
6
Let f = -13 - -35. What is the remainder when f is divided by 4/(-10) - 62/(-5)?
10
Let b(s) = -8*s + 0*s**3 + 6*s**2 - 5 + 3*s**3 - 2*s**3. Let a(w) = 3*w. Calculate the remainder when a(1) is divided by b(-7).
1
Suppose -4*j = -41 - 39. Suppose 5*g - 3*g - j = 0. What is the remainder when g is divided by 1*(-1 - 0)*-4?
2
Let l = 35 -